[INFO] cloning repository https://github.com/lcdr/base_server
[INFO] running `Command { std: "git" "-c" "credential.helper=" "-c" "credential.helper=/workspace/cargo-home/bin/git-credential-null" "clone" "--bare" "https://github.com/lcdr/base_server" "/workspace/cache/git-repos/https%3A%2F%2Fgithub.com%2Flcdr%2Fbase_server", kill_on_drop: false }`
[INFO] [stderr] Cloning into bare repository '/workspace/cache/git-repos/https%3A%2F%2Fgithub.com%2Flcdr%2Fbase_server'...
[INFO] running `Command { std: "git" "rev-parse" "HEAD", kill_on_drop: false }`
[INFO] [stdout] b27f418c9860f9456ff2f8383f6a830c221cc804
[INFO] checking lcdr/base_server against try#72f88fc4e9458f89516a0b8b0868f3718aec5b47 for pr-74989
[INFO] running `Command { std: "git" "clone" "/workspace/cache/git-repos/https%3A%2F%2Fgithub.com%2Flcdr%2Fbase_server" "/workspace/builds/worker-2/source", kill_on_drop: false }`
[INFO] [stderr] Cloning into '/workspace/builds/worker-2/source'...
[INFO] [stderr] done.
[INFO] validating manifest of git repo https://github.com/lcdr/base_server on toolchain 72f88fc4e9458f89516a0b8b0868f3718aec5b47
[INFO] running `Command { std: "/workspace/cargo-home/bin/cargo" "+72f88fc4e9458f89516a0b8b0868f3718aec5b47" "read-manifest" "--manifest-path" "Cargo.toml", kill_on_drop: false }`
[INFO] started tweaking git repo https://github.com/lcdr/base_server
[INFO] finished tweaking git repo https://github.com/lcdr/base_server
[INFO] tweaked toml for git repo https://github.com/lcdr/base_server written to /workspace/builds/worker-2/source/Cargo.toml
[INFO] crate git repo https://github.com/lcdr/base_server already has a lockfile, it will not be regenerated
[INFO] running `Command { std: "/workspace/cargo-home/bin/cargo" "+72f88fc4e9458f89516a0b8b0868f3718aec5b47" "fetch" "--locked" "--manifest-path" "Cargo.toml", kill_on_drop: false }`
[INFO] [stderr]     Updating git repository `https://github.com/lcdr/lu_packets`
[INFO] [stderr] error: the lock file /workspace/builds/worker-2/source/Cargo.lock needs to be updated but --locked was passed to prevent this
[INFO] [stderr] If you want to try to generate the lock file without accessing the network, use the --offline flag.
[INFO] the lockfile is outdated, regenerating it
[INFO] running `Command { std: "/workspace/cargo-home/bin/cargo" "+72f88fc4e9458f89516a0b8b0868f3718aec5b47" "generate-lockfile" "--manifest-path" "Cargo.toml" "-Zno-index-update", kill_on_drop: false }`
[INFO] [stderr]     Updating git repository `https://github.com/lcdr/lu_packets`
[INFO] running `Command { std: "/workspace/cargo-home/bin/cargo" "+72f88fc4e9458f89516a0b8b0868f3718aec5b47" "fetch" "--locked" "--manifest-path" "Cargo.toml", kill_on_drop: false }`
[INFO] [stderr]     Blocking waiting for file lock on package cache
[INFO] [stderr]  Downloading crates ...
[INFO] [stderr]   Downloaded untrusted v0.7.1
[INFO] [stderr]   Downloaded webpki v0.21.3
[INFO] [stderr]   Downloaded rustls v0.16.0
[INFO] [stderr]   Downloaded sct v0.6.0
[INFO] [stderr]   Downloaded webpki-roots v0.18.0
[INFO] [stderr]   Downloaded ring v0.16.15
[INFO] running `Command { std: "docker" "create" "-v" "/var/lib/crater-agent-workspace/builds/worker-2/target:/opt/rustwide/target:rw,Z" "-v" "/var/lib/crater-agent-workspace/builds/worker-2/source:/opt/rustwide/workdir:ro,Z" "-v" "/var/lib/crater-agent-workspace/cargo-home:/opt/rustwide/cargo-home:ro,Z" "-v" "/var/lib/crater-agent-workspace/rustup-home:/opt/rustwide/rustup-home:ro,Z" "-e" "SOURCE_DIR=/opt/rustwide/workdir" "-e" "CARGO_TARGET_DIR=/opt/rustwide/target" "-e" "CARGO_HOME=/opt/rustwide/cargo-home" "-e" "RUSTUP_HOME=/opt/rustwide/rustup-home" "-w" "/opt/rustwide/workdir" "-m" "1610612736" "--user" "0:0" "--network" "none" "rustops/crates-build-env@sha256:d92eaeed33fa75130ca1ee6c8a01d1ffb62bac859dfdfb3450e3e5d1c0146529" "/opt/rustwide/cargo-home/bin/cargo" "+72f88fc4e9458f89516a0b8b0868f3718aec5b47" "metadata" "--no-deps" "--format-version=1", kill_on_drop: false }`
[INFO] [stdout] 82746c9df4995e19c2c89c884a838640baa20742f55a2686fc03570769f049ad
[INFO] [stderr] WARNING: Your kernel does not support swap limit capabilities or the cgroup is not mounted. Memory limited without swap.
[INFO] running `Command { std: "docker" "start" "-a" "82746c9df4995e19c2c89c884a838640baa20742f55a2686fc03570769f049ad", kill_on_drop: false }`
[INFO] running `Command { std: "docker" "inspect" "82746c9df4995e19c2c89c884a838640baa20742f55a2686fc03570769f049ad", kill_on_drop: false }`
[INFO] running `Command { std: "docker" "rm" "-f" "82746c9df4995e19c2c89c884a838640baa20742f55a2686fc03570769f049ad", kill_on_drop: false }`
[INFO] [stdout] 82746c9df4995e19c2c89c884a838640baa20742f55a2686fc03570769f049ad
[INFO] running `Command { std: "docker" "create" "-v" "/var/lib/crater-agent-workspace/builds/worker-2/target:/opt/rustwide/target:rw,Z" "-v" "/var/lib/crater-agent-workspace/builds/worker-2/source:/opt/rustwide/workdir:ro,Z" "-v" "/var/lib/crater-agent-workspace/cargo-home:/opt/rustwide/cargo-home:ro,Z" "-v" "/var/lib/crater-agent-workspace/rustup-home:/opt/rustwide/rustup-home:ro,Z" "-e" "SOURCE_DIR=/opt/rustwide/workdir" "-e" "CARGO_TARGET_DIR=/opt/rustwide/target" "-e" "CARGO_INCREMENTAL=0" "-e" "RUST_BACKTRACE=full" "-e" "RUSTFLAGS=--cap-lints=forbid" "-e" "CARGO_HOME=/opt/rustwide/cargo-home" "-e" "RUSTUP_HOME=/opt/rustwide/rustup-home" "-w" "/opt/rustwide/workdir" "-m" "1610612736" "--user" "0:0" "--network" "none" "rustops/crates-build-env@sha256:d92eaeed33fa75130ca1ee6c8a01d1ffb62bac859dfdfb3450e3e5d1c0146529" "/opt/rustwide/cargo-home/bin/cargo" "+72f88fc4e9458f89516a0b8b0868f3718aec5b47" "check" "--frozen" "--all" "--all-targets" "--message-format=json", kill_on_drop: false }`
[INFO] [stdout] 8e262630b56c7bea36209e0277d22724e7f6e0b698d91539a8e9186ad3050098
[INFO] [stderr] WARNING: Your kernel does not support swap limit capabilities or the cgroup is not mounted. Memory limited without swap.
[INFO] running `Command { std: "docker" "start" "-a" "8e262630b56c7bea36209e0277d22724e7f6e0b698d91539a8e9186ad3050098", kill_on_drop: false }`
[INFO] [stderr]    Compiling proc-macro2 v1.0.21
[INFO] [stderr]    Compiling cc v1.0.59
[INFO] [stderr]    Compiling libc v0.2.77
[INFO] [stderr]    Compiling unicode-xid v0.2.1
[INFO] [stderr]     Checking spin v0.5.2
[INFO] [stderr]    Compiling syn v1.0.41
[INFO] [stderr]    Compiling byteorder v1.3.4
[INFO] [stderr]    Compiling serde_derive v1.0.116
[INFO] [stderr]    Compiling serde v1.0.116
[INFO] [stderr]    Compiling log v0.4.11
[INFO] [stderr]     Checking cfg-if v0.1.10
[INFO] [stderr]     Checking endio v0.1.0
[INFO] [stderr]     Checking lu_packets v0.1.0 (https://github.com/lcdr/lu_packets?rev=1b2ecc93fa864046c401231a9df38b614d6e9ce6#1b2ecc93)
[INFO] [stderr]    Compiling quote v1.0.7
[INFO] [stderr]     Checking base64 v0.10.1
[INFO] [stderr]    Compiling ring v0.16.15
[INFO] [stderr]     Checking webpki v0.21.3
[INFO] [stderr]     Checking sct v0.6.0
[INFO] [stderr]     Checking webpki-roots v0.18.0
[INFO] [stderr]     Checking rustls v0.16.0
[INFO] [stderr]     Checking toml v0.5.6
[INFO] [stderr]     Checking base_server v0.1.0 (/opt/rustwide/workdir)
[INFO] [stdout] error[E0432]: unresolved import `lu_packets::auth_server`
[INFO] [stdout]    --> src/tcpudp.rs:141:18
[INFO] [stdout]     |
[INFO] [stdout] 141 |     use lu_packets::auth_server::Message as IncMessage;
[INFO] [stdout]     |                     ^^^^^^^^^^^ could not find `auth_server` in `lu_packets`
[INFO] [stdout] 
[INFO] [stdout] 
[INFO] [stdout] error[E0432]: unresolved import `lu_packets::auth_client`
[INFO] [stdout]    --> src/tcpudp.rs:142:18
[INFO] [stdout]     |
[INFO] [stdout] 142 |     use lu_packets::auth_client::Message as OutMessage;
[INFO] [stdout]     |                     ^^^^^^^^^^^ could not find `auth_client` in `lu_packets`
[INFO] [stdout] 
[INFO] [stdout] 
[INFO] [stdout] error[E0599]: no function or associated item named `connect` found for struct `Transport` in the current scope
[INFO] [stdout]   --> src/tcpudp.rs:63:32
[INFO] [stdout]    |
[INFO] [stdout] 63 |         let tcp = ReliableTransport::connect(&addr)?;
[INFO] [stdout]    |                                      ^^^^^^^ function or associated item not found in `Transport`
[INFO] [stdout]    | 
[INFO] [stdout]   ::: src/tls.rs:9:1
[INFO] [stdout]    |
[INFO] [stdout] 9  | pub struct Transport {
[INFO] [stdout]    | -------------------- function or associated item `connect` not found for this
[INFO] [stdout] 
[INFO] [stdout] 
[INFO] [stdout] warning: unused import: `endio::LERead`
[INFO] [stdout]    --> src/tcpudp.rs:139:6
[INFO] [stdout]     |
[INFO] [stdout] 139 |     use endio::LERead;
[INFO] [stdout]     |         ^^^^^^^^^^^^^
[INFO] [stdout]     |
[INFO] [stdout]     = note: `#[warn(unused_imports)]` on by default
[INFO] [stdout] 
[INFO] [stdout] 
[INFO] [stdout] warning: unused import: `endio::LEWrite`
[INFO] [stdout]    --> src/tcpudp.rs:140:6
[INFO] [stdout]     |
[INFO] [stdout] 140 |     use endio::LEWrite;
[INFO] [stdout]     |         ^^^^^^^^^^^^^^
[INFO] [stdout] 
[INFO] [stdout] 
[INFO] [stdout] error: aborting due to 3 previous errors; 2 warnings emitted
[INFO] [stdout] 
[INFO] [stdout] 
[INFO] [stdout] Some errors have detailed explanations: E0432, E0599.
[INFO] [stdout] 
[INFO] [stdout] For more information about an error, try `rustc --explain E0432`.
[INFO] [stdout] 
[INFO] [stderr] error: could not compile `base_server`.
[INFO] [stderr] 
[INFO] [stderr] To learn more, run the command again with --verbose.
[INFO] running `Command { std: "docker" "inspect" "8e262630b56c7bea36209e0277d22724e7f6e0b698d91539a8e9186ad3050098", kill_on_drop: false }`
[INFO] running `Command { std: "docker" "rm" "-f" "8e262630b56c7bea36209e0277d22724e7f6e0b698d91539a8e9186ad3050098", kill_on_drop: false }`
[INFO] [stdout] 8e262630b56c7bea36209e0277d22724e7f6e0b698d91539a8e9186ad3050098
